{"id":508,"date":"2017-03-28T19:36:45","date_gmt":"2017-03-28T19:36:45","guid":{"rendered":"http:\/\/www.tedxsantamaria.com.br\/2017\/?page_id=508"},"modified":"2017-04-08T13:25:12","modified_gmt":"2017-04-08T13:25:12","slug":"jeronimo-siqueira-tybusch","status":"publish","type":"page","link":"https:\/\/www.tedxsantamaria.com.br\/2017\/jeronimo-siqueira-tybusch\/","title":{"rendered":"Jer\u00f4nimo Siqueira Tybusch: Sociobiodiversidade: educar para a diferen\u00e7a"},"content":{"rendered":"<p align=\"justify\"><a href=\"https:\/\/www.tedxsantamaria.com.br\/2017\/wp-content\/uploads\/2017\/03\/palestrante_03.jpg\"><img loading=\"lazy\" decoding=\"async\" class=\"size-medium wp-image-400 aligncenter\" src=\"https:\/\/www.tedxsantamaria.com.br\/2017\/wp-content\/uploads\/2017\/03\/palestrante_03-298x300.jpg\" alt=\"\" width=\"298\" height=\"300\" srcset=\"https:\/\/www.tedxsantamaria.com.br\/2017\/wp-content\/uploads\/2017\/03\/palestrante_03-298x300.jpg 298w, https:\/\/www.tedxsantamaria.com.br\/2017\/wp-content\/uploads\/2017\/03\/palestrante_03-150x150.jpg 150w, https:\/\/www.tedxsantamaria.com.br\/2017\/wp-content\/uploads\/2017\/03\/palestrante_03.jpg 299w\" sizes=\"auto, (max-width: 298px) 100vw, 298px\" \/><\/a><\/p>\n<p align=\"justify\">Professor do Departamento de Direito e do Mestrado em Direito da Universidade Federal de Santa Maria. Professor do Mestrado Profissional em Tecnologias Educacionais em Rede.\u00a0Doutor em Ci\u00eancias Humanas pela Universidade Federal de Santa Catarina. Mestre em Direito P\u00fablico pela Universidade do Vale do Rio dos Sinos. Graduado em Direito pela Universidade de Santa Cruz do Sul. Atualmente \u00e9 Coordenador de Planejamento Acad\u00eamico da Pr\u00f3-Reitoria de Gradua\u00e7\u00e3o da UFSM.\u00a0Vice-L\u00edder do Grupo de Pesquisa em Direito da Sociobiodiversidade.<\/p>\n","protected":false},"excerpt":{"rendered":"<p>Professor do Departamento de Direito e do Mestrado em Direito da Universidade Federal de Santa Maria. Professor do Mestrado Profissional em Tecnologias Educacionais em Rede.\u00a0Doutor em Ci\u00eancias Humanas pela Universidade Federal de Santa Catarina. Mestre em Direito P\u00fablico pela Universidade do Vale do Rio dos Sinos. Graduado em Direito pela Universidade de Santa Cruz do [&hellip;]<\/p>\n","protected":false},"author":1,"featured_media":0,"parent":0,"menu_order":0,"comment_status":"closed","ping_status":"closed","template":"","meta":{"footnotes":""},"class_list":["post-508","page","type-page","status-publish","hentry"],"_links":{"self":[{"href":"https:\/\/www.tedxsantamaria.com.br\/2017\/wp-json\/wp\/v2\/pages\/508","targetHints":{"allow":["GET"]}}],"collection":[{"href":"https:\/\/www.tedxsantamaria.com.br\/2017\/wp-json\/wp\/v2\/pages"}],"about":[{"href":"https:\/\/www.tedxsantamaria.com.br\/2017\/wp-json\/wp\/v2\/types\/page"}],"author":[{"embeddable":true,"href":"https:\/\/www.tedxsantamaria.com.br\/2017\/wp-json\/wp\/v2\/users\/1"}],"replies":[{"embeddable":true,"href":"https:\/\/www.tedxsantamaria.com.br\/2017\/wp-json\/wp\/v2\/comments?post=508"}],"version-history":[{"count":4,"href":"https:\/\/www.tedxsantamaria.com.br\/2017\/wp-json\/wp\/v2\/pages\/508\/revisions"}],"predecessor-version":[{"id":600,"href":"https:\/\/www.tedxsantamaria.com.br\/2017\/wp-json\/wp\/v2\/pages\/508\/revisions\/600"}],"wp:attachment":[{"href":"https:\/\/www.tedxsantamaria.com.br\/2017\/wp-json\/wp\/v2\/media?parent=508"}],"curies":[{"name":"wp","href":"https:\/\/api.w.org\/{rel}","templated":true}]}}