{"id":516,"date":"2017-03-28T19:40:36","date_gmt":"2017-03-28T19:40:36","guid":{"rendered":"http:\/\/www.tedxsantamaria.com.br\/2017\/?page_id=516"},"modified":"2017-04-05T21:04:39","modified_gmt":"2017-04-05T21:04:39","slug":"bruno-weiblen","status":"publish","type":"page","link":"https:\/\/www.tedxsantamaria.com.br\/2017\/bruno-weiblen\/","title":{"rendered":"Bruno Weiblen: Empreendendo em Educa\u00e7\u00e3o Online &#8211; um mundo de possibilidades"},"content":{"rendered":"<p><a href=\"https:\/\/www.tedxsantamaria.com.br\/2017\/wp-content\/uploads\/2017\/03\/palestrante_05.jpg\"><img loading=\"lazy\" decoding=\"async\" class=\"size-medium wp-image-402 aligncenter\" src=\"https:\/\/www.tedxsantamaria.com.br\/2017\/wp-content\/uploads\/2017\/03\/palestrante_05-298x300.jpg\" alt=\"\" width=\"298\" height=\"300\" srcset=\"https:\/\/www.tedxsantamaria.com.br\/2017\/wp-content\/uploads\/2017\/03\/palestrante_05.jpg 298w, https:\/\/www.tedxsantamaria.com.br\/2017\/wp-content\/uploads\/2017\/03\/palestrante_05-150x150.jpg 150w\" sizes=\"auto, (max-width: 298px) 100vw, 298px\" \/><\/a><\/p>\n<p align=\"justify\">Apaixonado por tecnologia e educa\u00e7\u00e3o, \u00e9 especialista em solu\u00e7\u00f5es para Educa\u00e7\u00e3o a Dist\u00e2ncia. Com um trabalho consolidado na \u00e1rea de conte\u00fado educacional, tamb\u00e9m tem experi\u00eancia not\u00e1vel em servi\u00e7os na seara de tecnologia para institui\u00e7\u00f5es de ensino.<\/p>\n","protected":false},"excerpt":{"rendered":"<p>Apaixonado por tecnologia e educa\u00e7\u00e3o, \u00e9 especialista em solu\u00e7\u00f5es para Educa\u00e7\u00e3o a Dist\u00e2ncia. Com um trabalho consolidado na \u00e1rea de conte\u00fado educacional, tamb\u00e9m tem experi\u00eancia not\u00e1vel em servi\u00e7os na seara de tecnologia para institui\u00e7\u00f5es de ensino.<\/p>\n","protected":false},"author":1,"featured_media":0,"parent":0,"menu_order":0,"comment_status":"closed","ping_status":"closed","template":"","meta":{"footnotes":""},"class_list":["post-516","page","type-page","status-publish","hentry"],"_links":{"self":[{"href":"https:\/\/www.tedxsantamaria.com.br\/2017\/wp-json\/wp\/v2\/pages\/516","targetHints":{"allow":["GET"]}}],"collection":[{"href":"https:\/\/www.tedxsantamaria.com.br\/2017\/wp-json\/wp\/v2\/pages"}],"about":[{"href":"https:\/\/www.tedxsantamaria.com.br\/2017\/wp-json\/wp\/v2\/types\/page"}],"author":[{"embeddable":true,"href":"https:\/\/www.tedxsantamaria.com.br\/2017\/wp-json\/wp\/v2\/users\/1"}],"replies":[{"embeddable":true,"href":"https:\/\/www.tedxsantamaria.com.br\/2017\/wp-json\/wp\/v2\/comments?post=516"}],"version-history":[{"count":2,"href":"https:\/\/www.tedxsantamaria.com.br\/2017\/wp-json\/wp\/v2\/pages\/516\/revisions"}],"predecessor-version":[{"id":579,"href":"https:\/\/www.tedxsantamaria.com.br\/2017\/wp-json\/wp\/v2\/pages\/516\/revisions\/579"}],"wp:attachment":[{"href":"https:\/\/www.tedxsantamaria.com.br\/2017\/wp-json\/wp\/v2\/media?parent=516"}],"curies":[{"name":"wp","href":"https:\/\/api.w.org\/{rel}","templated":true}]}}